d m?
9
Let o be (-1 - (-6)/(-4))/1*130. Let r = o + 357. Let w be 577/2 + 2/(-4). What is the highest common divisor of w and r?
32
Let t(x) = 32*x**3 - 4*x**2 + 5*x - 3. Let l be t(1). Let w be 8/(2 + -3) + 1. Let y = w - -10. Calculate the highest common divisor of l and y.
3
Let l(f) = 11*f**3 - 66*f + 44. Let t be l(11). Calculate the greatest common factor of t and 66.
33
Let m(j) = 20*j - 568. Let b be m(70). What is the highest common divisor of 312 and b?
104
Suppose 4*g = -4*c + 40, g = -5*c + 2*c + 18. Suppose 0 = 83*s - 1481 - 2503. Calculate the greatest common divisor of s and g.
6
Let b(w) = -10*w**3 + w**2 - 7*w - 8. Let y be b(-2). Calculate the greatest common factor of y and 150.
30
Let o be (-8 + 7/14)*(-2 - 0). Suppose 5*a + 20 = -2*y, y - 2*a - 3*a - 20 = 0. Let w be 19 + -6 - (y - 2). Calculate the greatest common factor of o and w.
15
Let m(z) = 5*z + 9. Let s be m(0). Let u = -73 - -100. What is the highest common factor of u and s?
9
Suppose -89*k + 91*k + 54 - 252 = 0. Let s be (9/12)/(1/88). What is the greatest common factor of k and s?
33
Suppose 3 = 2*q - y, 5*q - 2*q - 5*y - 8 = 0. Let l be q - (2 + (-14 - (-16)/(-4))). Calculate the highest common factor of l and 136.
17
Suppose -1438*o + 1442*o + 537 = 5*q, -5*o = q - 177. Let h be 2/((-4)/(-102)) - -1. What is the greatest common factor of q and h?
13
Let s be (2 + -2 + 11)*1. Suppose -12*h + 40 = -s*h. Let m = h - 38. What is the greatest common divisor of 12 and m?
2
Let s = -53 + 57. Suppose z + 5 = 2*h - 5, s*z + 65 = 3*h. Let t be z/((-5 - -2) + 63/27). What is the highest common factor of t and 90?
30
Let z(g) = -6 + 288*g**2 - 31 - 573*g**2 + 286*g**2. Let j be z(10). What is the highest common divisor of 9 and j?
9
Let n(s) = 25*s**3 + 3*s**2 - 28*s + 96. Let f be n(4). What is the highest common factor of f and 1734?
102
Let w(u) = 5*u + 10. Let k be w(5). Let c(i) = 3*i + 33. Let b be c(-6). Calculate the highest common factor of b and k.
5
Suppose -4*c + 23 = -89. Suppose 27*b - 25*b = 24. What is the highest common divisor of b and c?
4
Let v = 64 + -58. Let o be 128/(-40)*(-1 + 6). Let j be o*-1*v/8. What is the highest common factor of 96 and j?
12
Suppose -2*b + 238 = 4*p, -15*b + 18*b + 77 = p. What is the highest common factor of 837 and p?
31
Suppose 9*x + 30 = 7*x. Let r be 10/(-4)*(x + 13). Suppose 45 = 5*c - r*u, 3*c - u - 23 = -2*u. What is the greatest common factor of 88 and c?
8
Let t = -10981 - -15598. What is the highest common factor of t and 19?
19
Suppose -d - 18 + 10 = 0. Let p(u) = u**3 + 8*u**2 - u + 12. Let i be p(d). What is the highest common factor of i and 12?
4
Let b be ((-242382)/995)/((-369)/(-765) - 1/2). Calculate the greatest common factor of b and 17.
17
Let b be ((-961)/(-124))/(-31) - (-5)/4. Calculate the greatest common factor of 2449 and b.
1
Suppose -4*r = -2*p + 86 + 4, p = 4*r + 51. Suppose -p*n + 41*n - 68 = 0. Calculate the highest common factor of 51 and n.
17
Let v = 6483 + -2943. What is the highest common divisor of v and 60?
60
Let l(v) = 2*v**3 - 181*v**2 + 23*v - 82. Let s be l(91). Calculate the greatest common factor of 124 and s.
124
Suppose -74*c - 996 = -77*c. Let p = 331 + c. What is the greatest common factor of 17 and p?
17
Let u(l) = -50*l - 257. Let q be u(-12). Let f = q - 335. What is the greatest common factor of 432 and f?
8
Let i = -446 + 449. Let n(u) = -7 - 12 + 9*u - u - 3*u. Let x be n(8). Calculate the highest common factor of i and x.
3
Suppose 58*z - 54*z = -2*v + 20058, -3*v - 4*z = -30103. What is the highest common factor of v and 98?
49
Suppose -q + 112 = 4*t, -22 = 2*t - 5*q - 78. Let w(o) = o**2 - 26*o - 29. Let k be w(t). What is the greatest common factor of k and 99?
9
Suppose 5*t + 56 + 261 = z, -5*t + 15 = 0. What is the highest common factor of 249 and z?
83
Let j(u) = -13*u + 62 - 13*u**2 - 30*u - u**3 - 53. Let k be j(-7). What is the highest common factor of 40 and k?
8
Suppose -w = 3*z - 1, 2*w = -3*z + 4 + 4. Let u = -113 + 204. Calculate the highest common factor of u and w.
7
Let v = 189 - 183. Let w be (285*10)/v - -2. What is the highest common divisor of w and 18?
9
Suppose -3*y = -5*c - 4013, -6*y + 7*y + 3*c - 1305 = 0. Suppose 2*t = -3*n + 25 + 22, -4*n - 3*t + 64 = 0. Calculate the greatest common factor of n and y.
13
Let o be (-112)/6*(-57)/2. Let y(b) = b**3 + 27*b**2 + 130*b + 112. Let w be y(-21). Calculate the greatest common divisor of w and o.
28
Let i be (1/(-2))/(2/(-4)). Suppose -5*l - 1345 + 1330 = 0. Let f be (l + 2 + 3)/(i/16). What is the greatest common divisor of f and 64?
32
Suppose -24*o + 26*o = 5*h + 137, o - 70 = 3*h. Calculate the highest common divisor of 305 and o.
61
Let o be 308*14/4 - 3*(-130)/78. Calculate the highest common factor of o and 285.
57
Suppose -3*b + 3*x - x = -69, 4*x = -4*b + 72. Suppose -o = -2*o + b. What is the greatest common divisor of 84 and o?
21
Let s(a) = 5*a**3 - 9*a**2 + 9*a. Let c be s(1). Suppose -49 = -4*w - c*b, 0*b - 45 = -4*w - b. What is the highest common divisor of w and 132?
11
Let i be 21*(-2)/6*(-4)/(-28)*-142. Calculate the greatest common factor of i and 568.
142
Let l be (-2412850)/(-725) + 2/(-29). Calculate the greatest common factor of l and 52.
52
Let r(y) = -y**3 + 7*y**2 + 37*y - 205. Suppose -37*a = -85*a + 384. Let s be r(a). Calculate the highest common factor of 189 and s.
27
Suppose 2*k = x - 35, 3*x - 47 = 3*k + 43. Suppose 1530 = 35*q - x*q. Calculate the greatest common divisor of q and 3.
3
Suppose -3*i + 23 = 14. Suppose -4*w - 742 = 5*c, i*c + 240 = 5*w - 183. Let j = c + 236. What is the greatest common factor of 135 and j?
45
Let v(b) = 2*b**3 - 19*b**2 - 5*b - 6. Let f be v(15). Suppose 4 = 2*z, 2*p - 3*z = -p + f. Calculate the highest common factor of p and 25.
25
Suppose 147*a = -27*a + 1504325 + 3907771. What is the greatest common divisor of 128 and a?
128
Suppose 14400 + 558 = 540*r - 8802. Calculate the highest common factor of r and 1122.
22
Let q = 9286 - 7504. What is the highest common divisor of 3078 and q?
162
Let s = -8 + -106. Let c be (5/2)/(-5)*s. Calculate the highest common factor of 19 and c.
19
Let c = 5038 + -1996. Calculate the greatest common divisor of c and 18.
18
Let u be (-17)/(-1 + 17/18). Suppose -74*s = -79*s + 4*x + 86, -2*x = -2. What is the greatest common factor of s and u?
18
Let t = 3705 - 3651. Calculate the highest common factor of 1362 and t.
6
Let m(n) = -95*n - 5. Let s = 313 + -314. Let o be m(s). What is the highest common divisor of 40 and o?
10
Let l(u) = -298*u + 518. Let h be l(0). Calculate the highest common factor of 148 and h.
74
Let t(i) = 2*i**3 + 17*i**2 - 28*i - 48. Let j be t(3). What is the greatest common divisor of j and 12125?
25
Suppose -i = -6*i + 10. Let z be (22/14 - 1)/(356/8722). Suppose -n = -y - z + 3, y = -i. Calculate the highest common divisor of n and 9.
9
Let y = -4468 - -4563. Calculate the highest common factor of 1178 and y.
19
Let s(y) = -y - 8*y**2 + 1 - 11 + 6 + y**3. Let c be s(8). Let o be (50/(-4))/(-3*(-2)/c). What is the greatest common factor of o and 25?
25
Let f be (320/12)/10*(-4062)/(-4). Let b be (f/(-18))/(-2) + 4/(-18). What is the greatest common divisor of 100 and b?
25
Suppose 2*a - 134 = i, -2*i + 208 = 4*a - 84. Calculate the highest common divisor of 530 and a.
10
Let a = -2953 - -3119. Calculate the highest common factor of 249 and a.
83
Suppose 30*c = 25*c - 25. Let j be (-30)/c - 3/3. Calculate the greatest common factor of j and 165.
5
Suppose 0 = 9*k + 5*y - 12552, -4*k - 5*y = -9*y - 5616. What is the highest common divisor of k and 5359?
233
Suppose -33*n + 27*n = 48. Let u be (3 - (5 + n)) + 1. Calculate the highest common divisor of 21 and u.
7
Let y(i) = 8*i + 3 - 44 + 133*i. Let q be y(6). Calculate the greatest common divisor of 35 and q.
35
Suppose -72*r + 40*r = -11200. Calculate the highest common divisor of r and 518.
14
Let m = -113 - -123. Suppose 3*s = m*s - 168. Calculate the highest common factor of s and 60.
12
Let t be 21*(-5)/(-30)*20/7. Let s = 11 + -7. Suppose -60 = -6*a + s*a. What is the highest common divisor of t and a?
10
Let n be -3481*((-27)/(-54))/(2/(-4)). What is the greatest common divisor of n and 1?
1
Let k be ((-250)/(-15)